{"version":"1.0","provider_name":"Federaci\u00f3 Valenciana d&#039;Associacions d&#039;Amics del Coet","provider_url":"https:\/\/fvaac.org\/web","author_name":"Fvaac25","author_url":"https:\/\/fvaac.org\/web\/author\/fvaac25\/","title":"Junta Directiva - Federaci\u00f3 Valenciana d&#039;Associacions d&#039;Amics del Coet","type":"rich","width":600,"height":338,"html":"<blockquote class=\"wp-embedded-content\" data-secret=\"3ZMj36YwYR\"><a href=\"https:\/\/fvaac.org\/web\/junta-directiva\/\">Junta Directiva<\/a><\/blockquote><iframe sandbox=\"allow-scripts\" security=\"restricted\" src=\"https:\/\/fvaac.org\/web\/junta-directiva\/embed\/#?secret=3ZMj36YwYR\" width=\"600\" height=\"338\" title=\"\u00abJunta Directiva\u00bb \u2014 Federaci\u00f3 Valenciana d&#039;Associacions d&#039;Amics del Coet\" data-secret=\"3ZMj36YwYR\" frameborder=\"0\" marginwidth=\"0\" marginheight=\"0\" scrolling=\"no\" class=\"wp-embedded-content\"><\/iframe><script>\n\/*! This file is auto-generated *\/\n!function(d,l){\"use strict\";l.querySelector&&d.addEventListener&&\"undefined\"!=typeof URL&&(d.wp=d.wp||{},d.wp.receiveEmbedMessage||(d.wp.receiveEmbedMessage=function(e){var t=e.data;if((t||t.secret||t.message||t.value)&&!\/[^a-zA-Z0-9]\/.test(t.secret)){for(var s,r,n,a=l.querySelectorAll('iframe[data-secret=\"'+t.secret+'\"]'),o=l.querySelectorAll('blockquote[data-secret=\"'+t.secret+'\"]'),c=new RegExp(\"^https?:$\",\"i\"),i=0;i<o.length;i++)o[i].style.display=\"none\";for(i=0;i<a.length;i++)s=a[i],e.source===s.contentWindow&&(s.removeAttribute(\"style\"),\"height\"===t.message?(1e3<(r=parseInt(t.value,10))?r=1e3:~~r<200&&(r=200),s.height=r):\"link\"===t.message&&(r=new URL(s.getAttribute(\"src\")),n=new URL(t.value),c.test(n.protocol))&&n.host===r.host&&l.activeElement===s&&(d.top.location.href=t.value))}},d.addEventListener(\"message\",d.wp.receiveEmbedMessage,!1),l.addEventListener(\"DOMContentLoaded\",function(){for(var e,t,s=l.querySelectorAll(\"iframe.wp-embedded-content\"),r=0;r<s.length;r++)(t=(e=s[r]).getAttribute(\"data-secret\"))||(t=Math.random().toString(36).substring(2,12),e.src+=\"#?secret=\"+t,e.setAttribute(\"data-secret\",t)),e.contentWindow.postMessage({message:\"ready\",secret:t},\"*\")},!1)))}(window,document);\n<\/script>\n","description":"Daniel Claver Herrera Daniel Claver Herrera President Javier Gadea Bartual Javier Gadea Bartual Vicepresident Juan Bta. Taberner Andr\u00e9s (Damian) Juan Bta. Taberner Andr\u00e9s (Damian) Secretari Enrique Coll Lled\u00f3 Enrique Coll Lled\u00f3 Vicesecretari Inma Veguer Taberner Inma Veguer Taberner Tressorera Iv\u00e1n Heredia Cort\u00e9s Iv\u00e1n Heredia Cort\u00e9s Vicetressorer Jose Vte. Rubio Cebolla Jose Vte. Rubio Cebolla Vocal [&hellip;]","thumbnail_url":"https:\/\/fvaac.org\/web\/wp-content\/uploads\/2025\/03\/Imagen-de-WhatsApp-2025-02-15-a-las-18.47.35_9ef949d1.jpg"}

Federació Valenciana d&#039;Associacions d&#039;Amics del Coet

Junta Directiva - Federació Valenciana d&#039;Associacions d&#039;Amics del Coet

<blockquote class="wp-embedded-content" data-secret="3ZMj36YwYR"><a href="https://fvaac.org/web/junta-directiva/">Junta Directiva</a></blockquote><iframe sandbox="allow-scripts" security="restricted" src="https://fvaac.org/web/junta-directiva/embed/#?secret=3ZMj36YwYR" width="600" height="338" title="«Junta Directiva» — Federació Valenciana d&#039;Associacions d&#039;Amics del Coet" data-secret="3ZMj36YwYR" frameborder="0" marginwidth="0" marginheight="0" scrolling="no" class="wp-embedded-content"></iframe><script>
/*! This file is auto-generated */
!function(d,l){"use strict";l.querySelector&&d.addEventListener&&"undefined"!=typeof URL&&(d.wp=d.wp||{},d.wp.receiveEmbedMessage||(d.wp.receiveEmbedMessage=function(e){var t=e.data;if((t||t.secret||t.message||t.value)&&!/[^a-zA-Z0-9]/.test(t.secret)){for(var s,r,n,a=l.querySelectorAll('iframe[data-secret="'+t.secret+'"]'),o=l.querySelectorAll('blockquote[data-secret="'+t.secret+'"]'),c=new RegExp("^https?:$","i"),i=0;i<o.length;i++)o[i].style.display="none";for(i=0;i<a.length;i++)s=a[i],e.source===s.contentWindow&&(s.removeAttribute("style"),"height"===t.message?(1e3<(r=parseInt(t.value,10))?r=1e3:~~r<200&&(r=200),s.height=r):"link"===t.message&&(r=new URL(s.getAttribute("src")),n=new URL(t.value),c.test(n.protocol))&&n.host===r.host&&l.activeElement===s&&(d.top.location.href=t.value))}},d.addEventListener("message",d.wp.receiveEmbedMessage,!1),l.addEventListener("DOMContentLoaded",function(){for(var e,t,s=l.querySelectorAll("iframe.wp-embedded-content"),r=0;r<s.length;r++)(t=(e=s[r]).getAttribute("data-secret"))||(t=Math.random().toString(36).substring(2,12),e.src+="#?secret="+t,e.setAttribute("data-secret",t)),e.contentWindow.postMessage({message:"ready",secret:t},"*")},!1)))}(window,document);
</script>

Daniel Claver Herrera Daniel Claver Herrera President Javier Gadea Bartual Javier Gadea Bartual Vicepresident Juan Bta. Taberner Andrés (Damian) Juan Bta. Taberner Andrés (Damian) Secretari Enrique Coll Lledó Enrique Coll Lledó Vicesecretari Inma Veguer Taberner Inma Veguer Taberner Tressorera Iván Heredia Cortés Iván Heredia Cortés Vicetressorer Jose Vte. Rubio Cebolla Jose Vte. Rubio Cebolla Vocal [&hellip;]
