{"id":2011,"date":"2025-01-24T15:36:33","date_gmt":"2025-01-24T14:36:33","guid":{"rendered":"https:\/\/fvaac.org\/web\/?page_id=2011"},"modified":"2026-03-30T13:16:11","modified_gmt":"2026-03-30T11:16:11","slug":"formacio-rg-cre","status":"publish","type":"page","link":"https:\/\/fvaac.org\/web\/formacio-rg-cre\/","title":{"rendered":"Formaci\u00f3 RG-CRE"},"content":{"rendered":"\t\t<div data-elementor-type=\"wp-page\" data-elementor-id=\"2011\" class=\"elementor elementor-2011\" data-elementor-post-type=\"page\">\n\t\t\t\t<div class=\"elementor-element elementor-element-03efd2c e-flex e-con-boxed e-con e-parent\" data-id=\"03efd2c\" data-element_type=\"container\">\n\t\t\t\t\t<div class=\"e-con-inner\">\n\t\t<div class=\"elementor-element elementor-element-816884f e-con-full e-flex e-con e-child\" data-id=\"816884f\" data-element_type=\"container\">\n\t\t<div class=\"elementor-element elementor-element-0e1d54c e-con-full e-flex e-con e-child\" data-id=\"0e1d54c\" data-element_type=\"container\">\n\t\t\t\t<\/div>\n\t\t\t\t<\/div>\n\t\t<div class=\"elementor-element elementor-element-f23232b e-con-full e-flex e-con e-child\" data-id=\"f23232b\" data-element_type=\"container\">\n\t\t\t\t<div class=\"elementor-element elementor-element-432891c elementor-widget elementor-widget-text-editor\" data-id=\"432891c\" data-element_type=\"widget\" data-widget_type=\"text-editor.default\">\n\t\t\t\t<div class=\"elementor-widget-container\">\n\t\t\t\t\t\t\t\t\t<p>ACCES A FORMULARI DE INSCRIPCIO<\/p><p class=\"has-text-align-center\">\u25cf\u00a0<strong>Per a enviar les inscripci\u00f3ns:\u00a0<a href=\"mailto:cursos-rgcre@fvaac.com\">cursos-rgcre@fvaac.com<\/a><\/strong><\/p><p>\u25cf\u00a0<strong>Per a consultes cridar al m\u00f2bil\u00a0: 682 87 26 72 \u2013\u00a0El servei de Whatsapp tan sols ser\u00e0 per aquelles associacions afiliades a FVAAC.<\/strong><\/p>\t\t\t\t\t\t\t\t<\/div>\n\t\t\t\t<\/div>\n\t\t\t\t<\/div>\n\t\t<div class=\"elementor-element elementor-element-6c8bf13 e-con-full e-flex e-con e-child\" data-id=\"6c8bf13\" data-element_type=\"container\">\n\t\t\t\t<div class=\"elementor-element elementor-element-72dcb1d elementor-widget elementor-widget-heading\" data-id=\"72dcb1d\" data-element_type=\"widget\" data-widget_type=\"heading.default\">\n\t\t\t\t<div class=\"elementor-widget-container\">\n\t\t\t\t\t<h4 class=\"elementor-heading-title elementor-size-default\"><a href=\"https:\/\/emergencias.gva.es\/es\/web\/interior\/formacio-cre\" target=\"_blank\">ENLLA\u00c7 PER A ACCEDIR A LA PLATAFORMA CRE DE LA GENERALITAT VALENCIANA<\/a><\/h4>\t\t\t\t<\/div>\n\t\t\t\t<\/div>\n\t\t\t\t<\/div>\n\t\t<div class=\"elementor-element elementor-element-cd8ceed e-con-full e-flex e-con e-child\" data-id=\"cd8ceed\" data-element_type=\"container\">\n\t\t\t\t<div class=\"elementor-element elementor-element-60d7097 elementor-widget elementor-widget-text-editor\" data-id=\"60d7097\" data-element_type=\"widget\" data-widget_type=\"text-editor.default\">\n\t\t\t\t<div class=\"elementor-widget-container\">\n\t\t\t\t\t\t\t\t\t<h2 id=\"abans-d-emplenar-la-sol-licitud-llegir-be-les-instruccions-tota-sol-licitud-que-no-s-emplene\" class=\"wp-block-heading has-text-align-center has-vivid-red-color has-text-color has-normal-font-size\">Abans d\u2019emplenar la INSCRIPCI\u00d3 llegir b\u00e9 les instruccions, tota inscripci\u00f3 que no s\u2019emplene<\/h2><h2 id=\"correctament-o-que-no-es-remeta-tota-la-documentacio-sol-licitada-sera-anul-lada\" class=\"wp-block-heading has-text-align-center has-vivid-red-color has-text-color has-normal-font-size\">correctament o que no es remeta tota la documentaci\u00f3 sol\u00b7licitada, SERA ANUL\u00b7LADA.<\/h2><p class=\"has-text-align-center\"><strong><mark class=\"has-inline-color has-vivid-red-color\"><mark>IMPORTANT: PER A ENVIAR LA DOCUMENTACIO D\u00b4INSCRIPCIO HA D\u00b4ESTAR TOT ESCANEJAT CORRECTAMENT, NO S\u2019ACCEPTARAN FOTOS.\u00a0<\/mark><mark><\/mark><\/mark><mark class=\"has-inline-color has-vivid-red-color\"><mark>D<\/mark><mark>E<\/mark><mark>U<\/mark><mark>R<\/mark><mark>A<\/mark><mark>\u00a0<\/mark><mark>T<\/mark><mark>E<\/mark><mark>N<\/mark><mark>E<\/mark><mark>R<\/mark><mark>\u00a0<\/mark><mark>E<\/mark><mark>L<\/mark><mark>\u00a0<\/mark><mark>C<\/mark><mark>R<\/mark><mark>E<\/mark><mark>\u00a0<\/mark><mark>E<\/mark><mark>N<\/mark><mark>\u00a0<\/mark><mark>P<\/mark><mark>O<\/mark><mark>S<\/mark><mark>E<\/mark><mark>S<\/mark><mark>I<\/mark><mark>O<\/mark><mark>.<\/mark><mark>\u00a0<\/mark><\/mark><mark class=\"has-inline-color has-vivid-red-color\"><mark>TOTS ELS DOCUMENTS INCLOSOS EN UN SOL ARXIU PDF. \u25ba EL DIA DEL CURS SERA NECESARI PORTAR el D.N.I. original<\/mark><\/mark><\/strong><\/p>\t\t\t\t\t\t\t\t<\/div>\n\t\t\t\t<\/div>\n\t\t\t\t<\/div>\n\t\t<div class=\"elementor-element elementor-element-409a8c8 e-con-full e-flex e-con e-child\" data-id=\"409a8c8\" data-element_type=\"container\">\n\t\t\t\t<div class=\"elementor-element elementor-element-a0b7639 elementor-widget elementor-widget-heading\" data-id=\"a0b7639\" data-element_type=\"widget\" data-widget_type=\"heading.default\">\n\t\t\t\t<div class=\"elementor-widget-container\">\n\t\t\t\t\t<h2 class=\"elementor-heading-title elementor-size-default\">Instrucions per a l\u2019inscripci\u00f3 a les jornades formatives de Responsables de\nGrup de Consumidors Reconeguts com a Experts (RGCRE).<\/h2>\t\t\t\t<\/div>\n\t\t\t\t<\/div>\n\t\t\t\t<\/div>\n\t\t<div class=\"elementor-element elementor-element-9ed8231 e-con-full e-flex e-con e-child\" data-id=\"9ed8231\" data-element_type=\"container\">\n\t\t\t\t<div class=\"elementor-element elementor-element-7e74f72 elementor-widget elementor-widget-text-editor\" data-id=\"7e74f72\" data-element_type=\"widget\" data-widget_type=\"text-editor.default\">\n\t\t\t\t<div class=\"elementor-widget-container\">\n\t\t\t\t\t\t\t\t\t<h4 id=\"vos-recomanem-llegir-les-instruccions-detingudament-abans-d-omplir-el-formulari\" class=\"wp-block-heading has-text-align-center has-medium-font-size\"><strong>Vos recomanem llegir les instruccions detingudament abans d\u2019omplir el FORMULARI.<\/strong><\/h4><div class=\"wp-block-spacer\" aria-hidden=\"true\">\u00a0<\/div><p class=\"has-text-align-left has-text-align-justify\">L\u2019objecte d\u2019aquesta Instrucci\u00f3 T\u00e8cnica Complement\u00e0ria n\u00ba 18 \u00e9s regular l\u2019\u00fas d\u2019articles pirot\u00e8cnics per Grups Consumidors Reconeguts com a Experts, en manifestacions festives, religioses,culturals i tradicionals organitzades per col\u00b7lectius, persones jur\u00eddiques,ajuntaments, associacions o entitats jur\u00eddiques, etc. Es tracta d\u2019esdeveniments en els quals el tipus i la forma d\u2019utilitzaci\u00f3 dels articles pirot\u00e8cnics requereixen mesures espec\u00edfiques d\u2019organitzaci\u00f3 i seguretat, aix\u00ed com certificaci\u00f3 acreditativa com a consumidors reconeguts com a experts (CRE) dels consumidors participants en el mateix.<\/p><p>Com a regla general, els articles pirot\u00e8cnics utilitzats en els festejos que regula aquesta ITC hauran de disposar de marcat CE i estar catalogats. Aquests articles podran ser de categories F1, F2, F3, T1 i P1. Adicionalment, podran utilitzar-se articles pirot\u00e8cnics que, per raons constructives o funcionals, no puguen disposar de marcat CE, en quedar exceptuats de l\u2019\u00e0mbit d\u2019aplicaci\u00f3 de la Directiva 2013\/29\/UE, de 12 de juny de 2013.<\/p><p>\u25ba Per participar a les Jornades de Formaci\u00f3 per a Responsables de Grup de Consumidors Reconeguts com a Experts (RGCRE) que promou aquesta Federaci\u00f3, el sol\u00b7licitant deu pert\u00e0nyer a un grup, penya, associaci\u00f3 o agrupacio popular amb personalitat jur\u00eddica pr\u00f2pia, i tindre mes de 18 anys.<\/p>\t\t\t\t\t\t\t\t<\/div>\n\t\t\t\t<\/div>\n\t\t\t\t<\/div>\n\t\t<div class=\"elementor-element elementor-element-2908016 e-con-full e-flex e-con e-child\" data-id=\"2908016\" data-element_type=\"container\">\n\t\t\t\t<div class=\"elementor-element elementor-element-97eee57 elementor-widget elementor-widget-text-editor\" data-id=\"97eee57\" data-element_type=\"widget\" data-widget_type=\"text-editor.default\">\n\t\t\t\t<div class=\"elementor-widget-container\">\n\t\t\t\t\t\t\t\t\t<h4 id=\"procediment-per-a-la-inscripcio-llegir-be-abans-de-emplenar-la-sol-licitud\" class=\"wp-block-heading has-text-align-center has-medium-font-size\"><strong>Procediment per a la inscripci\u00f3: llegir be abans de emplenar la sol-licitud.<\/strong><\/h4><div class=\"wp-block-spacer\" aria-hidden=\"true\">\u00a0<\/div><p class=\"has-text-align-left\"><strong>1.<\/strong>\u00a0Emplenar les dades de tot el formulari amb\u00a0<strong>MAYUSCULES<\/strong>. (Tota inscripci\u00f3 que sigua emplenada a boli o que no estigua completa no ser\u00e0 admesa)\u00a0<strong>MOLT IMPORTANT<\/strong>\u00a0POSAR EL NUMERO DE M\u00d2BIL I EL CORREU ELECTRONIC (de cada un), ja que per mitj\u00e0 del correu electr\u00f2nic s\u2019informara del resultat de la prova, de tots els tramits necesaris i s\u2019enviara el carnet de RGCRE.<\/p><p><mark class=\"has-inline-color has-vivid-red-color\"><strong>2.<\/strong>\u00a0<\/mark><strong><mark class=\"has-inline-color has-vivid-red-color\">DOCUMENTACI\u00d3 QUE CAL ENVIAR PER EMAIL<\/mark><\/strong><\/p><p class=\"has-text-align-left\"><strong>ENVIAR PER EMAIL<\/strong>\u00a0a\u00a0<a href=\"mailto:cursos-rgcre@fvaac.com\" target=\"_blank\" rel=\"noreferrer noopener\"><strong>cursos-rgcre@fvaac.com<\/strong><\/a>\u00a0:\u00a0<strong>el full D\u2019INSCRIPCI\u00d3<\/strong>\u00a0correctament emplenat (tota inscripci\u00f3 que sigua emplenada a boli o que no estigua completa no ser\u00e0 admesa),\u00a0<strong>copia del ingres bancari de la col\u00b7laboracio<\/strong>\u00a0(en l\u2019ingr\u00e9s cal posar el nom i cognoms del participant),\u00a0<strong>copia del DNI<\/strong>\u00a0(no val foto del m\u00f2bil, ha de ser ESCANEJAT) ,\u00a0<strong>copia del NIF<\/strong>\u00a0de les Associacions que vols vincular al carnet i la\u00a0<strong>copia de la TAXA administrativa\u00a0<\/strong>que posa per a \u00abl\u2019administraci\u00f3\u00bb amb el justificant del seu pagament.<\/p><p class=\"has-text-align-left\">Al final de la p\u00e0gina teniu les instruccions per a imprimir i pagar les taxes.<\/p><p class=\"has-text-align-left has-text-color has-medium-font-size\">\u25ba<strong>Tot escanejat correctament, no s\u2019acceptaran fotos del m\u00f2bil.<\/strong><\/p><p class=\"has-vivid-red-color has-text-color\">\u25ba<strong><mark class=\"has-inline-color has-vivid-red-color\">EL DIA DEL CURS SERA NECESARI PORTAR<\/mark><\/strong>\u00a0\u2013\u00a0<strong>El DNI original<\/strong><\/p><p class=\"has-text-align-left\"><strong>3.<\/strong>\u00a0Et confirmarem al mateix correu que envies la documentaci\u00f3 que esta tot correcte o falta algun document. Si als 3 dies d\u2019enviar per email la sol\u00b7licitud no reps cap correu de confirmaci\u00f3 posa\u2019t en contacte amb nosaltres. Tots els formularis que no es reba tota la documentaci\u00f3 sol\u00b7licitada i correctament emplenada en els terminis indicats seran suprimits per facilitar l\u2019acc\u00e9s als sol\u00b7licitants en llista d\u2019espera.<\/p><p>\u25ba Les col\u00b7laboracions que fan els participants suposen una ajuda a la Federaci\u00f3 per a sufragar les despeses derivades de la promoci\u00f3 d\u2019aquest tipus de jornades igual que amb el material lliurat a cada participant, aix\u00ed com a mantenir les tradicions de foc valencianes amb participaci\u00f3 ciutadana i que puguin aconseguir l\u2019acreditaci\u00f3 necess\u00e0ria segons la nova normativa. Els ponents no reben cap contraprestaci\u00f3 econ\u00f3mica.<\/p><p>\u25ba Per lo tant, aquesta col\u00b7laboracio no suposa cap garantia de superaci\u00f3 de la prova acreditativa, esta proba la realitzar\u00e0 i la corregir\u00e0 l\u2019\u00e0rea d\u2019Ind\u00fastria de la Subdelegaci\u00f3 del Govern a Val\u00e8ncia.<\/p><p>\u25ba<mark class=\"has-inline-color has-vivid-red-color\"><strong>Nota informativa<\/strong>:<\/mark>\u00a0En el curs s\u2019utilitzara el valenci\u00e0 en les exposicions audiovisuals i majorit\u00e0riament en les explicacions dels ponents. En realitzar la inscripci\u00f3 al curs comporta l\u2019acceptaci\u00f3 d\u2019aquesta circumst\u00e0ncia. No s\u2019admetran reclamacions per no entendre el valenci\u00e0.<\/p>\t\t\t\t\t\t\t\t<\/div>\n\t\t\t\t<\/div>\n\t\t\t\t<\/div>\n\t\t<div class=\"elementor-element elementor-element-665bd15 e-con-full e-flex e-con e-child\" data-id=\"665bd15\" data-element_type=\"container\">\n\t\t\t\t<div class=\"elementor-element elementor-element-2b0de65 elementor-widget elementor-widget-text-editor\" data-id=\"2b0de65\" data-element_type=\"widget\" data-widget_type=\"text-editor.default\">\n\t\t\t\t<div class=\"elementor-widget-container\">\n\t\t\t\t\t\t\t\t\t<p class=\"has-text-align-center has-medium-font-size\"><strong>Seguir les seg\u00fcents instruccions per al pagament de les taxes.<\/strong><\/p><div class=\"wp-block-spacer\" aria-hidden=\"true\">\u00a0<\/div><p>TASA 054, MODEL 790. MARCAR OPCIO: EXPEDICIO DE CERTIFICATS D\u00b4APTITUDS. ACCEDIR AL SEG\u00dcENT ENLLA\u00c7:\u00a0<a href=\"https:\/\/sede.administracionespublicas.gob.es\/tasasPDF\/prepareTasa?idTasa=054&amp;idModelo=790&amp;idProvincia=46\" target=\"_blank\" rel=\"noreferrer noopener\" aria-label=\"ENLLA\u00c7 PER AL PAGAMENT DE LA TASA ADMINISTRATIVA (opens in a new tab)\">ENLLA\u00c7 PER AL PAGAMENT DE LA TASA ADMINISTRATIVA<\/a><\/p>\t\t\t\t\t\t\t\t<\/div>\n\t\t\t\t<\/div>\n\t\t\t\t<\/div>\n\t\t\t\t\t<\/div>\n\t\t\t\t<\/div>\n\t\t\t\t<\/div>\n\t\t","protected":false},"excerpt":{"rendered":"<p>ACCES A FORMULARI DE INSCRIPCIO \u25cf\u00a0Per a enviar les inscripci\u00f3ns:\u00a0cursos-rgcre@fvaac.com \u25cf\u00a0Per a consultes cridar al m\u00f2bil\u00a0: 682 87 26 72 \u2013\u00a0El servei de Whatsapp tan sols ser\u00e0 per aquelles associacions afiliades a FVAAC. ENLLA\u00c7 PER A ACCEDIR A LA PLATAFORMA CRE DE LA GENERALITAT VALENCIANA Abans d\u2019emplenar la INSCRIPCI\u00d3 llegir b\u00e9 les instruccions, tota inscripci\u00f3 [&hellip;]<\/p>\n","protected":false},"author":1,"featured_media":0,"parent":0,"menu_order":0,"comment_status":"closed","ping_status":"closed","template":"","meta":{"footnotes":""},"class_list":["post-2011","page","type-page","status-publish","hentry"],"yoast_head":"<!-- This site is optimized with the Yoast SEO plugin v24.5 - https:\/\/yoast.com\/wordpress\/plugins\/seo\/ -->\n<title>Formaci\u00f3 RG-CRE - Federaci\u00f3 Valenciana d&#039;Associacions d&#039;Amics del Coet<\/title>\n<meta name=\"robots\" content=\"index, follow, max-snippet:-1, max-image-preview:large, max-video-preview:-1\" \/>\n<link rel=\"canonical\" href=\"https:\/\/fvaac.org\/web\/formacio-rg-cre\/\" \/>\n<meta property=\"og:locale\" content=\"es_ES\" \/>\n<meta property=\"og:type\" content=\"article\" \/>\n<meta property=\"og:title\" content=\"Formaci\u00f3 RG-CRE - Federaci\u00f3 Valenciana d&#039;Associacions d&#039;Amics del Coet\" \/>\n<meta property=\"og:description\" content=\"ACCES A FORMULARI DE INSCRIPCIO \u25cf\u00a0Per a enviar les inscripci\u00f3ns:\u00a0cursos-rgcre@fvaac.com \u25cf\u00a0Per a consultes cridar al m\u00f2bil\u00a0: 682 87 26 72 \u2013\u00a0El servei de Whatsapp tan sols ser\u00e0 per aquelles associacions afiliades a FVAAC. ENLLA\u00c7 PER A ACCEDIR A LA PLATAFORMA CRE DE LA GENERALITAT VALENCIANA Abans d\u2019emplenar la INSCRIPCI\u00d3 llegir b\u00e9 les instruccions, tota inscripci\u00f3 [&hellip;]\" \/>\n<meta property=\"og:url\" content=\"https:\/\/fvaac.org\/web\/formacio-rg-cre\/\" \/>\n<meta property=\"og:site_name\" content=\"Federaci\u00f3 Valenciana d&#039;Associacions d&#039;Amics del Coet\" \/>\n<meta property=\"article:modified_time\" content=\"2026-03-30T11:16:11+00:00\" \/>\n<meta name=\"twitter:card\" content=\"summary_large_image\" \/>\n<meta name=\"twitter:label1\" content=\"Tiempo de lectura\" \/>\n\t<meta name=\"twitter:data1\" content=\"4 minutos\" \/>\n<script type=\"application\/ld+json\" class=\"yoast-schema-graph\">{\"@context\":\"https:\/\/schema.org\",\"@graph\":[{\"@type\":\"WebPage\",\"@id\":\"https:\/\/fvaac.org\/web\/formacio-rg-cre\/\",\"url\":\"https:\/\/fvaac.org\/web\/formacio-rg-cre\/\",\"name\":\"Formaci\u00f3 RG-CRE - Federaci\u00f3 Valenciana d&#039;Associacions d&#039;Amics del Coet\",\"isPartOf\":{\"@id\":\"https:\/\/fvaac.org\/web\/#website\"},\"datePublished\":\"2025-01-24T14:36:33+00:00\",\"dateModified\":\"2026-03-30T11:16:11+00:00\",\"breadcrumb\":{\"@id\":\"https:\/\/fvaac.org\/web\/formacio-rg-cre\/#breadcrumb\"},\"inLanguage\":\"es\",\"potentialAction\":[{\"@type\":\"ReadAction\",\"target\":[\"https:\/\/fvaac.org\/web\/formacio-rg-cre\/\"]}]},{\"@type\":\"BreadcrumbList\",\"@id\":\"https:\/\/fvaac.org\/web\/formacio-rg-cre\/#breadcrumb\",\"itemListElement\":[{\"@type\":\"ListItem\",\"position\":1,\"name\":\"Portada\",\"item\":\"https:\/\/fvaac.org\/web\/\"},{\"@type\":\"ListItem\",\"position\":2,\"name\":\"Formaci\u00f3 RG-CRE\"}]},{\"@type\":\"WebSite\",\"@id\":\"https:\/\/fvaac.org\/web\/#website\",\"url\":\"https:\/\/fvaac.org\/web\/\",\"name\":\"Federaci\u00f3 Valenciana d&#039;Associacions d&#039;Amics del Coet\",\"description\":\"\",\"publisher\":{\"@id\":\"https:\/\/fvaac.org\/web\/#organization\"},\"potentialAction\":[{\"@type\":\"SearchAction\",\"target\":{\"@type\":\"EntryPoint\",\"urlTemplate\":\"https:\/\/fvaac.org\/web\/?s={search_term_string}\"},\"query-input\":{\"@type\":\"PropertyValueSpecification\",\"valueRequired\":true,\"valueName\":\"search_term_string\"}}],\"inLanguage\":\"es\"},{\"@type\":\"Organization\",\"@id\":\"https:\/\/fvaac.org\/web\/#organization\",\"name\":\"Federaci\u00f3 Valenciana d&#039;Associacions d&#039;Amics del Coet\",\"url\":\"https:\/\/fvaac.org\/web\/\",\"logo\":{\"@type\":\"ImageObject\",\"inLanguage\":\"es\",\"@id\":\"https:\/\/fvaac.org\/web\/#\/schema\/logo\/image\/\",\"url\":\"https:\/\/fvaac.org\/web\/wp-content\/uploads\/2025\/01\/fvaac.jpg\",\"contentUrl\":\"https:\/\/fvaac.org\/web\/wp-content\/uploads\/2025\/01\/fvaac.jpg\",\"width\":349,\"height\":90,\"caption\":\"Federaci\u00f3 Valenciana d&#039;Associacions d&#039;Amics del Coet\"},\"image\":{\"@id\":\"https:\/\/fvaac.org\/web\/#\/schema\/logo\/image\/\"}}]}<\/script>\n<!-- \/ Yoast SEO plugin. -->","yoast_head_json":{"title":"Formaci\u00f3 RG-CRE - Federaci\u00f3 Valenciana d&#039;Associacions d&#039;Amics del Coet","robots":{"index":"index","follow":"follow","max-snippet":"max-snippet:-1","max-image-preview":"max-image-preview:large","max-video-preview":"max-video-preview:-1"},"canonical":"https:\/\/fvaac.org\/web\/formacio-rg-cre\/","og_locale":"es_ES","og_type":"article","og_title":"Formaci\u00f3 RG-CRE - Federaci\u00f3 Valenciana d&#039;Associacions d&#039;Amics del Coet","og_description":"ACCES A FORMULARI DE INSCRIPCIO \u25cf\u00a0Per a enviar les inscripci\u00f3ns:\u00a0cursos-rgcre@fvaac.com \u25cf\u00a0Per a consultes cridar al m\u00f2bil\u00a0: 682 87 26 72 \u2013\u00a0El servei de Whatsapp tan sols ser\u00e0 per aquelles associacions afiliades a FVAAC. ENLLA\u00c7 PER A ACCEDIR A LA PLATAFORMA CRE DE LA GENERALITAT VALENCIANA Abans d\u2019emplenar la INSCRIPCI\u00d3 llegir b\u00e9 les instruccions, tota inscripci\u00f3 [&hellip;]","og_url":"https:\/\/fvaac.org\/web\/formacio-rg-cre\/","og_site_name":"Federaci\u00f3 Valenciana d&#039;Associacions d&#039;Amics del Coet","article_modified_time":"2026-03-30T11:16:11+00:00","twitter_card":"summary_large_image","twitter_misc":{"Tiempo de lectura":"4 minutos"},"schema":{"@context":"https:\/\/schema.org","@graph":[{"@type":"WebPage","@id":"https:\/\/fvaac.org\/web\/formacio-rg-cre\/","url":"https:\/\/fvaac.org\/web\/formacio-rg-cre\/","name":"Formaci\u00f3 RG-CRE - Federaci\u00f3 Valenciana d&#039;Associacions d&#039;Amics del Coet","isPartOf":{"@id":"https:\/\/fvaac.org\/web\/#website"},"datePublished":"2025-01-24T14:36:33+00:00","dateModified":"2026-03-30T11:16:11+00:00","breadcrumb":{"@id":"https:\/\/fvaac.org\/web\/formacio-rg-cre\/#breadcrumb"},"inLanguage":"es","potentialAction":[{"@type":"ReadAction","target":["https:\/\/fvaac.org\/web\/formacio-rg-cre\/"]}]},{"@type":"BreadcrumbList","@id":"https:\/\/fvaac.org\/web\/formacio-rg-cre\/#breadcrumb","itemListElement":[{"@type":"ListItem","position":1,"name":"Portada","item":"https:\/\/fvaac.org\/web\/"},{"@type":"ListItem","position":2,"name":"Formaci\u00f3 RG-CRE"}]},{"@type":"WebSite","@id":"https:\/\/fvaac.org\/web\/#website","url":"https:\/\/fvaac.org\/web\/","name":"Federaci\u00f3 Valenciana d&#039;Associacions d&#039;Amics del Coet","description":"","publisher":{"@id":"https:\/\/fvaac.org\/web\/#organization"},"potentialAction":[{"@type":"SearchAction","target":{"@type":"EntryPoint","urlTemplate":"https:\/\/fvaac.org\/web\/?s={search_term_string}"},"query-input":{"@type":"PropertyValueSpecification","valueRequired":true,"valueName":"search_term_string"}}],"inLanguage":"es"},{"@type":"Organization","@id":"https:\/\/fvaac.org\/web\/#organization","name":"Federaci\u00f3 Valenciana d&#039;Associacions d&#039;Amics del Coet","url":"https:\/\/fvaac.org\/web\/","logo":{"@type":"ImageObject","inLanguage":"es","@id":"https:\/\/fvaac.org\/web\/#\/schema\/logo\/image\/","url":"https:\/\/fvaac.org\/web\/wp-content\/uploads\/2025\/01\/fvaac.jpg","contentUrl":"https:\/\/fvaac.org\/web\/wp-content\/uploads\/2025\/01\/fvaac.jpg","width":349,"height":90,"caption":"Federaci\u00f3 Valenciana d&#039;Associacions d&#039;Amics del Coet"},"image":{"@id":"https:\/\/fvaac.org\/web\/#\/schema\/logo\/image\/"}}]}},"_links":{"self":[{"href":"https:\/\/fvaac.org\/web\/wp-json\/wp\/v2\/pages\/2011","targetHints":{"allow":["GET"]}}],"collection":[{"href":"https:\/\/fvaac.org\/web\/wp-json\/wp\/v2\/pages"}],"about":[{"href":"https:\/\/fvaac.org\/web\/wp-json\/wp\/v2\/types\/page"}],"author":[{"embeddable":true,"href":"https:\/\/fvaac.org\/web\/wp-json\/wp\/v2\/users\/1"}],"replies":[{"embeddable":true,"href":"https:\/\/fvaac.org\/web\/wp-json\/wp\/v2\/comments?post=2011"}],"version-history":[{"count":172,"href":"https:\/\/fvaac.org\/web\/wp-json\/wp\/v2\/pages\/2011\/revisions"}],"predecessor-version":[{"id":3196,"href":"https:\/\/fvaac.org\/web\/wp-json\/wp\/v2\/pages\/2011\/revisions\/3196"}],"wp:attachment":[{"href":"https:\/\/fvaac.org\/web\/wp-json\/wp\/v2\/media?parent=2011"}],"curies":[{"name":"wp","href":"https:\/\/api.w.org\/{rel}","templated":true}]}}